{"id":657,"date":"2023-04-24T15:21:23","date_gmt":"2023-04-24T13:21:23","guid":{"rendered":"https:\/\/mawis.eu\/?post_type=subject&#038;p=657"},"modified":"2026-08-24T07:51:00","modified_gmt":"2026-08-24T05:51:00","slug":"praha","status":"publish","type":"subject","link":"https:\/\/mawis.eu\/sk\/subjekty\/praha\/","title":{"rendered":"Hlavn\u00ed m\u011bsto Praha"},"content":{"rendered":"\n\n\n\n\n\n\n\n\n\n\n\n\n\n\n<p class=\"text-small titlebox__text\" style = \"text-align:center;\">H\u013ead\u00e1te oblas\u0165 mimo Prahy? Verejn\u00e9 slu\u017eby pon\u00fakaj\u00fa aj <a href=\"https:\/\/mawis.eu\/utilityreport\/mesta\/\" target=\"_blank\" class=\"btn btn--icon btn--simple article-card__btn\" rel=\"noopener\">\u010fal\u0161ie mest\u00e1 a regi\u00f3ny<\/a>!\n<br>Let\u00e1k MawisUtility hlavn\u00e9ho mesta Prahy si m\u00f4\u017eete stiahnu\u0165 <a href=\"https:\/\/mawis.eu\/app\/uploads\/2024\/03\/mawisutility_praha_web.pdf\" target=\"_blank\" class=\"btn btn--icon btn--simple article-card__btn\" rel=\"noopener\">tu<\/a>.<\/p>\n<br>\n<br>\n<br>\n","protected":false},"featured_media":658,"parent":0,"template":"","subject-cat":[45],"region":[46],"_links":{"self":[{"href":"https:\/\/mawis.eu\/sk\/wp-json\/wp\/v2\/subject\/657","targetHints":{"allow":["GET"]}}],"collection":[{"href":"https:\/\/mawis.eu\/sk\/wp-json\/wp\/v2\/subject"}],"about":[{"href":"https:\/\/mawis.eu\/sk\/wp-json\/wp\/v2\/types\/subject"}],"wp:featuredmedia":[{"embeddable":true,"href":"https:\/\/mawis.eu\/sk\/wp-json\/wp\/v2\/media\/658"}],"wp:attachment":[{"href":"https:\/\/mawis.eu\/sk\/wp-json\/wp\/v2\/media?parent=657"}],"wp:term":[{"taxonomy":"subject-cat","embeddable":true,"href":"https:\/\/mawis.eu\/sk\/wp-json\/wp\/v2\/subject-cat?post=657"},{"taxonomy":"region","embeddable":true,"href":"https:\/\/mawis.eu\/sk\/wp-json\/wp\/v2\/region?post=657"}],"curies":[{"name":"wp","href":"https:\/\/api.w.org\/{rel}","templated":true}]}}

Hlavní město Praha

<p class="text-small titlebox__text" style = "text-align:center;">Hľadáte oblasť mimo Prahy? Verejné služby ponúkajú aj <a href="https://mawis.eu/utilityreport/mesta/" target="_blank" class="btn btn--icon btn--simple article-card__btn" rel="noopener">ďalšie mestá a regióny</a>!
<br>Leták MawisUtility hlavného mesta Prahy si môžete stiahnuť <a href="https://mawis.eu/app/uploads/2024/03/mawisutility_praha_web.pdf" target="_blank" class="btn btn--icon btn--simple article-card__btn" rel="noopener">tu</a>.</p>
<br>
<br>
<br>
